ivided by 334?
2
What is the remainder when 28215086 is divided by 575818?
4
Calculate the remainder when 23205626 is divided by 15.
11
Calculate the remainder when 269090 is divided by 92.
82
Calculate the remainder when 60516 is divided by 1691.
1331
Calculate the remainder when 7178836 is divided by 75.
61
Calculate the remainder when 258375 is divided by 536.
23
Calculate the remainder when 3031249 is divided by 87.
82
What is the remainder when 77595405 is divided by 26?
17
Calculate the remainder when 13201427 is divided by 103.
20
What is the remainder when 125962 is divided by 2465?
247
Calculate the remainder when 2413963 is divided by 3099.
2941
Calculate the remainder when 656779 is divided by 65675.
29
Calculate the remainder when 702289 is divided by 1045.
49
Calculate the remainder when 372620550 is divided by 33.
27
Calculate the remainder when 18260466 is divided by 4565115.
6
What is the remainder when 5103888 is divided by 637982?
32
What is the remainder when 512165 is divided by 1674?
1595
What is the remainder when 19294473 is divided by 6431490?
3
What is the remainder when 13165208 is divided by 4140?
8
Calculate the remainder when 5207400 is divided by 426.
402
Calculate the remainder when 4321202 is divided by 54008.
562
Calculate the remainder when 36702041 is divided by 54779.
111
Calculate the remainder when 22596279 is divided by 1883023.
3
Calculate the remainder when 220507 is divided by 1510.
47
Calculate the remainder when 75023 is divided by 4135.
593
Calculate the remainder when 4998677 is divided by 275.
2
Calculate the remainder when 26494 is divided by 7918.
2740
Calculate the remainder when 858619 is divided by 11755.
504
What is the remainder when 12530211 is divided by 19?
15
What is the remainder when 19932187 is divided by 2612?
15
What is the remainder when 15250422 is divided by 60041?
8
Calculate the remainder when 12062814 is divided by 6997.
6983
What is the remainder when 711672 is divided by 3206?
3146
What is the remainder when 83155376 is divided by 132413?
12
What is the remainder when 5667538 is divided by 377819?
253
What is the remainder when 10446 is divided by 384?
78
What is the remainder when 84359 is divided by 1300?
1159
Calculate the remainder when 121659177 is divided by 3540.
3537
Calculate the remainder when 2101643 is divided by 502.
271
Calculate the remainder when 208532 is divided by 206366.
2166
Calculate the remainder when 32206348 is divided by 1441.
1439
What is the remainder when 366054 is divided by 903?
339
What is the remainder when 14799438 is divided by 986629?
3
What is the remainder when 7956068 is divided by 532?
8
What is the remainder when 1018261 is divided by 3979?
3616
What is the remainder when 22432 is divided by 21915?
517
What is the remainder when 2450333 is divided by 29882?
9
Calculate the remainder when 6632015 is divided by 11.
5
Calculate the remainder when 179143 is divided by 29856.
7
Calculate the remainder when 1783992 is divided by 1783768.
224
What is the remainder when 51861 is divided by 17066?
663
What is the remainder when 263485 is divided by 349?
339
What is the remainder when 159408 is divided by 10626?
18
Calculate the remainder when 436521 is divided by 13201.
888
Calculate the remainder when 2967796 is divided by 30.
16
Calculate the remainder when 13605517 is divided by 1537.
1530
What is the remainder when 6440260 is divided by 1061?
1051
What is the remainder when 4883 is divided by 1074?
587
What is the remainder when 756676 is divided by 2285?
341
What is the remainder when 95027 is divided by 4128?
83
What is the remainder when 423650 is divided by 290?
250
Calculate the remainder when 1971 is divided by 439.
215
What is the remainder when 6270023 is divided by 3029?
3022
Calculate the remainder when 5952 is divided by 1976.
24
What is the remainder when 147125 is divided by 4981?
2676
Calculate the remainder when 282279 is divided by 2066.
1303
What is the remainder when 513882 is divided by 256860?
162
Calculate the remainder when 12785 is divided by 4840.
3105
Calculate the remainder when 1967841 is divided by 655786.
483
Calculate the remainder when 188461969 is divided by 81.
79
What is the remainder when 35465830 is divided by 955?
950
What is the remainder when 25862072 is divided by 12931028?
16
Calculate the remainder when 145081 is divided by 5124.
1609
What is the remainder when 1950667 is divided by 108?
79
What is the remainder when 1323727 is divided by 19?
16
Calculate the remainder when 22338583 is divided by 149923.
56
What is the remainder when 63306 is divided by 6029?
3016
Calculate the remainder when 5054479 is divided by 9872.
15
Calculate the remainder when 35377966 is divided by 17688968.
30
What is the remainder when 15595284 is divided by 14?
12
What is the remainder when 13216820 is divided by 1321681?
10
What is the remainder when 2053897 is divided by 1362?
1
What is the remainder when 96288 is divided by 11537?
3992
What is the remainder when 148743 is divided by 699?
555
What is the remainder when 17684 is divided by 869?
304
What is the remainder when 219171050 is divided by 288004?
6
Calculate the remainder when 65720180 is divided by 8.
4
Calculate the remainder when 41921709 is divided by 45.
24
Calculate the remainder when 86721 is divided by 12368.
145
What is the remainder when 1067362 is divided by 9530?
2
Calculate the remainder when 950690 is divided by 475340.
10
Calculate the remainder when 17552900 is divided by 5850938.
86
Calculate the remainder when 22037990 is divided by 1851.
1835
Calculate the remainder when 34643 is divided by 1027.
752
Calculate the remainder when 7901905 is divided by 285.
280
Calculate the remainder when 683444 is divided by 34172.
4
What is the remainder when 36673 is divided by 129?
37
What is the remainder when 11832395 is divided by 152?
107
Calculate the remainder when 66122 is divided by 1533.
203
What is the remainder when 19995 is divided by 780?
495
Calculate the remainder when 12069763 is divided by 203.
195
What is the remainder when 137047 is divided by 17113?
143
What is the remainder when 1496590 is divided by 136052?
18
What is the remainder when 19256493 is divided by 19256483?
10
Calculate the remainder when 45634893 is divided by 1019.
1016
Calculate the remainder when 772941 is divided by 1976.
325
What is the remainder when 2523817 is divided by 20?
17
Calculate the remainder when 30313 is divided by 10103.
4
What is the remainder when 2053254 is divided by 561?
555
What is the remainder when 3647846 is divided by 1823857?
132
Calculate the remainder when 997899 is divided by 1244.
211
What is the remainder when 1622378 is divided by 2146?
2
Calculate the remainder when 3678472 is divided by 613076.
16
Calculate the remainder when 3253514 is divided by 72.
50
What is the remainder when 766941 is divided by 12782?
21
Calculate the remainder when 5715220 is divided by 5715213.
7
Calculate the remainder when 740117 is divided by 1938.
1739
What is the remainder when 773068 is divided by 257667?
67
What is the remainder when 2347474 is divided by 41?
19
Calculate the remainder when 8119561 is divided by 117.
112
Calculate the remainder when 104003519 is divided by 240.
239
Calculate the remainder when 3275224 is divided by 1931.
248
Calculate the remainder when 617793 is divided by 2442.
2409
Calculate the remainder when 32647 is divided by 6493.
182
What is the remainder when 481101 is divided by 73?
31
Calculate the remainder when 4544828 is divided by 413166.
2
Calculate the remainder when 6002305 is divided by 9026.
15
What is the remainder when 34309 is divided by 8380?
789
Calculate the remainder when 5763972 is divided by 198757.
19
Calculate the remainder when 16162691 is divided by 2337.
2336
Calculate the remainder when 10641319 is divided by 384.
295
What is the remainder when 471817 is divided by 59?
53
What is the remainder when 9547406 is divided by 36?
26
Calculate the remainder when 320589 is divided by 106851.
36
What is the remainder when 21783959 is divided by 149205?
29
What is the remainder when 28645 is divided by 881?
453
Calculate the remainder when 21223 is divided by 19794.
1429
Calculate the remainder when 99